t is the thousands digit of 392082242?
2
What is the millions digit of 27553171?
7
What is the tens digit of 1858260962?
6
What is the ten thousands digit of 71029439?
2
What is the hundreds digit of 126849898?
8
What is the hundreds digit of 196567133?
1
What is the hundreds digit of 811491925?
9
What is the hundreds digit of 5391044289?
2
What is the millions digit of 21953480?
1
What is the hundred thousands digit of 27002802?
0
What is the thousands digit of 9926480490?
0
What is the units digit of 1017833235?
5
What is the thousands digit of 877861793?
1
What is the ten millions digit of 335454752?
3
What is the tens digit of 5367819080?
8
What is the ten millions digit of 1462004179?
6
What is the millions digit of 3041550?
3
What is the millions digit of 697431631?
7
What is the ten thousands digit of 294282690?
8
What is the hundred thousands digit of 3629999?
6
What is the tens digit of 116803580?
8
What is the tens digit of 87551825?
2
What is the units digit of 394551895?
5
What is the ten thousands digit of 126258213?
5
What is the ten millions digit of 1524688059?
2
What is the millions digit of 24484118?
4
What is the millions digit of 40264102?
0
What is the millions digit of 290742258?
0
What is the hundred thousands digit of 6543846057?
8
What is the hundred thousands digit of 10974596?
9
What is the units digit of 2123452281?
1
What is the tens digit of 31538066?
6
What is the hundreds digit of 52119393?
3
What is the hundred thousands digit of 119055646?
0
What is the ten millions digit of 659810102?
5
What is the units digit of 6453188?
8
What is the units digit of 1543666667?
7
What is the units digit of 15087021?
1
What is the hundreds digit of 301821701?
7
What is the hundred thousands digit of 27177797?
1
What is the millions digit of 142726688?
2
What is the millions digit of 54868400?
4
What is the hundred thousands digit of 2276246920?
2
What is the billions digit of 1705881140?
1
What is the ten thousands digit of 32928043?
2
What is the millions digit of 195831511?
5
What is the units digit of 455475983?
3
What is the tens digit of 11502396?
9
What is the thousands digit of 500310607?
0
What is the thousands digit of 904217598?
7
What is the ten millions digit of 4376787117?
7
What is the ten millions digit of 52696398?
5
What is the units digit of 105283729?
9
What is the units digit of 162270907?
7
What is the units digit of 2263626112?
2
What is the millions digit of 741434310?
1
What is the ten thousands digit of 1159355287?
5
What is the hundred thousands digit of 3224701275?
7
What is the ten thousands digit of 4746904265?
0
What is the millions digit of 577550479?
7
What is the hundreds digit of 148388220?
2
What is the millions digit of 1677804815?
7
What is the billions digit of 5568960790?
5
What is the units digit of 90619231?
1
What is the tens digit of 208268534?
3
What is the tens digit of 51071563?
6
What is the hundreds digit of 87958360?
3
What is the ten thousands digit of 4540242229?
4
What is the millions digit of 2761041092?
1
What is the ten thousands digit of 665250106?
5
What is the thousands digit of 10712747?
2
What is the ten thousands digit of 11746230?
4
What is the tens digit of 1777359658?
5
What is the millions digit of 9440363146?
0
What is the ten millions digit of 144545907?
4
What is the ten thousands digit of 1213455?
1
What is the tens digit of 14806504?
0
What is the units digit of 43312864?
4
What is the tens digit of 33502620?
2
What is the hundreds digit of 179423577?
5
What is the units digit of 1497290460?
0
What is the ten millions digit of 6185918059?
8
What is the millions digit of 7123185?
7
What is the hundred millions digit of 1241052079?
2
What is the units digit of 828191569?
9
What is the thousands digit of 92651696?
1
What is the hundreds digit of 3339786746?
7
What is the hundred thousands digit of 586398875?
3
What is the units digit of 20303000?
0
What is the ten thousands digit of 272838362?
3
What is the hundreds digit of 41029117?
1
What is the millions digit of 29831444?
9
What is the hundred thousands digit of 110172306?
1
What is the tens digit of 445172511?
1
What is the tens digit of 774023670?
7
What is the units digit of 3918588748?
8
What is the ten millions digit of 300762602?
0
What is the ten millions digit of 37651640?
3
What is the hundred millions digit of 311932149?
3
What is the hundreds digit of 127263354?
3
What is the ten thousands digit of 715172979?
7
What is the ten millions digit of 187850855?
8
What is the thousands digit of 747717370?
7
What is the units digit of 74491714?
4
What is the hundreds digit of 195484713?
7
What is the millions digit of 597357416?
7
What is the millions digit of 75864291?
5
What is the ten thousands digit of 793447970?
4
What is the ten millions digit of 1141291985?
4
What is the hundred millions digit of 1267702613?
2
What is the thousands digit of 585084198?
4
What is the ten thousands digit of 199997329?
9
What is the tens digit of 740994010?
1
What is the units digit of 316916235?
5
What is the millions digit of 1460073917?
0
What is the millions digit of 40726150?
0
What is the ten millions digit of 24479281?
2
What is the thousands digit of 68172908?
2
What is the ten thousands digit of 37444513?
4
What is the hundreds digit of 587581127?
1
What is the ten thousands digit of 7674287?
7
What is the tens digit of 61352001?
0
What is the thousands digit of 38340588?
0
What is the thousands digit of 273162733?
2
What is the millions digit of 963125536?
3
What is the hundreds digit of 566958673?
6
What is the hundred thousands digit of 259754479?
7
What is the tens digit of 820262286?
8
What is the millions digit of 147409950?
7
What is the tens digit of 3592782469?
6
What is the ten millions digit of 93062164?
9
What is the hundreds digit of 7749382?
3
What is the tens digit of 30243698?
9
What is the millions digit of 1671042839?
1
What is the millions digit of 150792316?
0
What is the thousands digit of 837048802?
8
What is the ten millions digit of 222453354?
2
What is the ten thousands digit of 1140349180?
4
What is the thousands digit of 2774482060?
2
What is the billions digit of 5983716840?
5
What is the ten millions digit of 591116951?
9
What is the tens digit of 63555892?
9
What is the ten thousands digit of 1484256596?
5
What is the millions digit of 61429099?
1
What is the ten millions digit of 194851057?
9
What is the billions digit of 1562986173?
1
What is the hundreds digit of 38498960?
9
What is the tens digit of 3954851380?
8
What is the hundred thousands digit of 124380444?
3
What is the units digit of 9941704?
4
What is the hundred thousands digit of 99617337?
6
What is the ten thousands digit of 1749161073?
6
What is the units digit of 146009099?
9
What is the ten millions digit of 122859265?
2
What is the hundred millions digit of 339766504?
3
What is the thousands digit of 70775245?
5
What is the millions digit of 10373073?
0
What is the tens digit of 63069712?
1
What is the thousands digit of 2562473244?
3
What is the thousands digit of 4638434562?
4
What is the hundreds digit of 2858457473?
4
What is the hundreds digit of 46684973?
9
What is the tens digit of 458096096?
9
What is the thousands digit of 8549300?
9
What is the hundred thousands digit of 7771146?
7
What is the hundred millions digit of 292070032?
2
What is the hundreds digit of 3060158264?
2
What is the hundreds digit of 1619456328?
3
What is the units digit of 874829906?
6
What is the hundred thousands digit of 110525113?
5
What is the hundreds digit of 391445966?
9
What is the ten millions digit of 128286673?
2
What is the hundred thousands digit of 305745172?
7
What is the millions digit of 12389427?
2
What is the ten thousands digit of 415808350?
0
What is the thousands digit of 47501331?
1
What is the thousands digit of 4445921?
5
What is the ten millions digit of 170448703?
7
What is the tens digit of 2939014530?
3
What is the tens digit of 232204192?
9
What is the hundred thousands digit of 43316368?
3
What is the hundreds digit of 27171499?
4
What is the hundreds digit of 4489893259?
2
What is the hundreds digit of 1785912164?
1
What is the tens digit of 56963683?
8
What is the thousands digit of 1680834